site?
False
Is 8301 composite?
True
Is 295061 a composite number?
True
Is 37477 a composite number?
True
Is 4547 composite?
False
Is 12641 a composite number?
False
Is 223 composite?
False
Is 145361 a prime number?
True
Is 127861 a composite number?
True
Is 4813 composite?
False
Is 47113 a prime number?
False
Is 2153 composite?
False
Is 211801 a composite number?
False
Is 54401 a prime number?
True
Is 13319 composite?
True
Is 757923 a prime number?
False
Is 329 a prime number?
False
Is 85427 composite?
False
Is 97142 a prime number?
False
Is 25667 a prime number?
True
Is 7031 composite?
True
Is 42043 composite?
False
Is 78509 a prime number?
True
Is 5682401 composite?
False
Is 605779 a prime number?
True
Is 5077 composite?
False
Is 742421 a prime number?
False
Is 8567 a prime number?
False
Is 953662 a prime number?
False
Is 138371 a prime number?
True
Is 141257 composite?
False
Is 144659 a prime number?
True
Is 30183 a prime number?
False
Is 457285 a prime number?
False
Is 2927 composite?
False
Is 223 composite?
False
Is 226873 prime?
False
Is 2354459 a prime number?
True
Is 43819 a composite number?
True
Is 35005 a prime number?
False
Is 548071 a prime number?
False
Is 12643 a composite number?
True
Is 287681 a composite number?
False
Is 25013 prime?
True
Is 62723 a prime number?
True
Is 15907 a prime number?
True
Is 748115 prime?
False
Is 2831 prime?
False
Is 9491 a composite number?
False
Is 210523 a prime number?
True
Is 179313 a prime number?
False
Is 20771 a prime number?
True
Is 486907 a composite number?
False
Is 199103 prime?
True
Is 16349 composite?
False
Is 6499 a prime number?
False
Is 22546 composite?
True
Is 26581 a composite number?
True
Is 145 prime?
False
Is 9623 a prime number?
True
Is 3491 a composite number?
False
Is 952091 prime?
False
Is 29201 composite?
False
Is 2063 a composite number?
False
Is 42611 a composite number?
False
Is 14369 prime?
True
Is 4177 a prime number?
True
Is 3058219 composite?
False
Is 58459 prime?
False
Is 1801 a composite number?
False
Is 9803 composite?
False
Is 81247 composite?
True
Is 14021 prime?
False
Is 161198 a composite number?
True
Is 34841 prime?
True
Is 4271 composite?
False
Is 12734 a composite number?
True
Is 3425889 composite?
True
Is 55441 a composite number?
False
Is 3661 a prime number?
False
Is 38393 a composite number?
False
Is 494187 composite?
True
Is 168317 a composite number?
True
Is 5017 a prime number?
False
Is 6613 composite?
True
Is 16771 a prime number?
False
Is 153623 composite?
False
Is 11197 composite?
False
Is 63269 prime?
False
Is 74687 composite?
False
Is 4663 a prime number?
True
Is 3749 prime?
False
Is 1047239 prime?
True
Is 29399 prime?
True
Is 69769 composite?
True
Is 245621 prime?
True
Is 26759 a composite number?
False
Is 110327 prime?
False
Is 560095 a prime number?
False
Is 725507 a composite number?
False
Is 23957 a prime number?
True
Is 28501 a prime number?
False
Is 12659 composite?
False
Is 33739 a prime number?
True
Is 10007 prime?
True
Is 247501 composite?
False
Is 46553 a prime number?
False
Is 9199 a prime number?
True
Is 13771 a composite number?
True
Is 5723 composite?
True
Is 1309703 composite?
True
Is 15571 a composite number?
True
Is 13043 a composite number?
False
Is 193927 prime?
False
Is 10007 a prime number?
True
Is 33403 a prime number?
True
Is 701 a prime number?
True
Is 32245 a composite number?
True
Is 69313 composite?
False
Is 671 a composite number?
True
Is 8417 composite?
True
Is 137267 prime?
False
Is 16301 prime?
True
Is 382177 composite?
True
Is 143053 a composite number?
False
Is 5158 composite?
True
Is 7781 composite?
True
Is 36589 a prime number?
False
Is 3049 a prime number?
True
Is 204557 composite?
False
Is 1556615 composite?
True
Is 9091 a prime number?
True
Is 11107 a prime number?
False
Is 15421 prime?
False
Is 15959 composite?
False
Is 2000006 prime?
False
Is 450277 a prime number?
True
Is 154549 a prime number?
False
Is 117557 composite?
True
Is 1949807 a composite number?
True
Is 2099278 a composite number?
True
Is 43481 a composite number?
False
Is 3778 a prime number?
False
Is 13191 a prime number?
False
Is 48611 a prime number?
True
Is 137329 a prime number?
False
Is 54751 prime?
True
Is 54361 a prime number?
True
Is 66113 a prime number?
False
Is 806971 a composite number?
True
Is 12407 a composite number?
True
Is 274523 prime?
False
Is 91645 a composite number?
True
Is 975257 a prime number?
True
Is 307361 a prime number?
True
Is 25183 a prime number?
True
Is 224357 a prime number?
False
Is 516349 prime?
True
Is 17351 composite?
False
Is 70717 a prime number?
True
Is 14599 a prime number?
False
Is 2423121 composite?
True
Is 6031 a prime number?
False
Is 287669 a composite number?
False
Is 22597 a prime number?
False
Is 20777 composite?
True
Is 12407 a composite number?
True
Is 150473 prime?
True
Is 157393 composite?
False
Is 9745 a prime number?
False
Is 196477 a composite number?
False
Is 212557 a composite number?
False
Is 1673981 a composite number?
False
Is 9014 composite?
True
Is 250543 a composite number?
False
Is 33659 a prime number?
False
Is 753931 a prime number?
True
Is 44831 composite?
True
Is 469307 prime?
False
Is 44413 a composite number?
True
Is 59291 a prime number?
False
Is 6406 composite?
True
Is 20771 prime?
True
Is 9199 prime?
True
Is 9881 a prime number?
False
Is 692629 composite?
True
Is 15509 prime?
False
Is 281273 composite?
False
Is 4153 prime?
True
Is 2531 prime?
True
Is 853327 prime?
False
Is 227543 composite?
True
Is 107785 composite?
True
Is 38669 composite?
False
Is 23551 composite?
True
Is 10102 a prime number?
False
Is 2221 a composite number?
False
Is 5737 prime?
True
Is 122579 prime?
True
Is 82247 a prime number?
False
Is 29599 a composite number?
False
Is 2967031 prime?
True
Is 8581 a prime number?
True
Is 2291 prime?
False
Is 941593 composite?
False
Is 87569 prime?
False
Is 92447 composite?
True
Is 97519 prime?
False
Is 506501 prime?
True
Is 58777 a prime number?
False
Is 21871 a prime number?
True
Is 135271 composite?
False
Is 23053 a composite number?
False
Is 62845 a prime number?
False
Is 404513 a composite number?
False
Is 44245 a prime number?
False
Is 57745 a prime number?
False
Is 9829 composite?
False
Is 500281 a prime number?
False
Is 46601 a composite number?
False
Is 2267 a composite number?
False
Is 114269 prime?
True
Is 40909 a prime number?
False
Is 500861 a prime number?
True
Is 1987 composite?
False
Is 8777 prime?
False
Is 24899 a composite number?
True
Is 175811 a prime number?
True
Is 1144361 a prime number?
False
Is 2019997 composite?
True
Is 1087 composite?
False
Is 37685 a composite number?
True
Is 18431 a composite number?
True
Is 457871 a composite number?
False
Is 274673 composite?
True
Is 166099 a composite number?
False
Is 210935 a composite number?
True
Is 84827 a composite number?
False
Is 361402 a prime number?
False
Is 121111 composite?
True
Is 879898 composite?
True
Is 10289 prime?
True
Is 25562 composite?
True
Is 5569 a prime number?
True
Is 980353 a prime number?
False
Is 330637 a prime number?
False
Is 887 a prime number?
True
Is 67501 a composite number?
True
Is 191399 prime?
False
Is 8123 a prime number?
True
Is 21331 composite?
True
Is 35363 a prime number?
True
Is 3742565 composite?
True
Is 16469 a composite number?
True
Is 2129 a prime number?
True
Is 1163681 a composite number?
True
Is 93853 a composite number?
True
Is 79069 a composite number?
True
Is 55313 a composite number?
False
Is 1596059 prime?
True
Is 890419 composite?
False
Is 156535 a composite number?
True
Is 136127 prime?
False
Is 310883 a composite number?
False
Is 1034485 a prime number?
False
Is 383807 composite?
False
Is 454673 a prime number?
True
Is 20249 prime?
True
Is 1217 a prime number?
True
Is 668327 composite?
True
Is 9587 a composite number?
False
Is 771883 prime?
False
Is 7939 composite?
True
Is 209603 a composite number?
True
Is 2033497 a composite number?
False
Is 9753 a prime number?
False
Is 5396023 prime?
False
Is 13285 composite?
True
Is 1084255 prime?
False
Is 113345 prime?
False
Is 407 prime?
False
Is 264527 prime?
True
Is 49639 a prime number?
True
Is 68455 a composite number?
True
Is 85273 a prime number?
False
Is 54539 prime?
True
Is 123887 compo